{"id":18,"date":"2017-10-15T17:12:19","date_gmt":"2017-10-15T17:12:19","guid":{"rendered":"http:\/\/piadamkier.dk\/?page_id=18"},"modified":"2022-01-02T21:33:47","modified_gmt":"2022-01-02T21:33:47","slug":"profil","status":"publish","type":"page","link":"https:\/\/piadamkier.dk\/?page_id=18","title":{"rendered":"Profil"},"content":{"rendered":"<p>Jeg er 63 \u00e5r og uddannet psykolog fra K\u00f8benhavns Universitet, cand.psych. og efterf\u00f8lgende autoriseret af Dansk Psykologn\u00e6vn. Jeg er efteruddannet i kognitiv terapi og er specialist i psykotraumatologi og klinisk psykologi.<\/p>\n<p>Jeg har ydernummer, hvilket vil sige, at jeg har en aftale med den offentlige sygesikring og kan tage imod din henvisning fra egen l\u00e6ge.<\/p>\n<p>Herudover er jeg autoriseret i PREP-familiekoncept, erhvervsrettet testning og BTB-personlighedsprofil. Er endvidere uddannet som Master i NLP og certificeret coach. I mange \u00e5r har jeg arbejdet med ledere og medarbejdere i politiet, hvor jeg blandt andet har undervist i Coaching, faglig og personlig udvikling &amp; ledelse samt testet ledere i forbindelse med intern rekruttering.<\/p>\n<p>Den kliniske erfaring har jeg tilegnet mig ved at have klienter i forl\u00f8b gennem de seneste mange \u00e5r blandt andet hos Psykologgruppen i K\u00f8benhavn.<br \/>\nJeg motiveres af at udfinde ressourcerne hos mennesker og bygge videre p\u00e5 disse ressourcer sammen med den enkelte.<\/p>\n<p><strong>Teoretisk grundlag<\/strong><br \/>\nJeg er af den opfattelse, at mennesker er forskellige og derfor har brug for forskellige perspektiver, metoder og udfordringer. Derfor er jeg ikke tilh\u00e6nger af \u00e9n bestemt terapeutisk retning, men henter inspiration fra forskellige teoridannelser som fx tilknytningsteori, kognitiv teori, kommunikationsteori og compassion fokuseret terapi. Jeg har valgt en efteruddannelse i kognitiv terapi, da der er evidens for denne behandling indenfor en lang r\u00e6kke omr\u00e5der, bl.a. angst og depression.<\/p>\n","protected":false},"excerpt":{"rendered":"<p>Jeg er 63 \u00e5r og uddannet psykolog fra K\u00f8benhavns Universitet, cand.psych. og efterf\u00f8lgende autoriseret af Dansk Psykologn\u00e6vn. Jeg er efteruddannet i kognitiv terapi og er specialist i psykotraumatologi og klinisk&#8230; <\/p>\n","protected":false},"author":1,"featured_media":0,"parent":0,"menu_order":0,"comment_status":"closed","ping_status":"closed","template":"","meta":{"footnotes":""},"_links":{"self":[{"href":"https:\/\/piadamkier.dk\/index.php?rest_route=\/wp\/v2\/pages\/18"}],"collection":[{"href":"https:\/\/piadamkier.dk\/index.php?rest_route=\/wp\/v2\/pages"}],"about":[{"href":"https:\/\/piadamkier.dk\/index.php?rest_route=\/wp\/v2\/types\/page"}],"author":[{"embeddable":true,"href":"https:\/\/piadamkier.dk\/index.php?rest_route=\/wp\/v2\/users\/1"}],"replies":[{"embeddable":true,"href":"https:\/\/piadamkier.dk\/index.php?rest_route=%2Fwp%2Fv2%2Fcomments&post=18"}],"version-history":[{"count":7,"href":"https:\/\/piadamkier.dk\/index.php?rest_route=\/wp\/v2\/pages\/18\/revisions"}],"predecessor-version":[{"id":254,"href":"https:\/\/piadamkier.dk\/index.php?rest_route=\/wp\/v2\/pages\/18\/revisions\/254"}],"wp:attachment":[{"href":"https:\/\/piadamkier.dk\/index.php?rest_route=%2Fwp%2Fv2%2Fmedia&parent=18"}],"curies":[{"name":"wp","href":"https:\/\/api.w.org\/{rel}","templated":true}]}}